 composite number?
True
Is 9257 a prime number?
True
Is 5623 prime?
True
Is 196103 a prime number?
False
Is 84559 a prime number?
True
Is 218191 composite?
False
Is 4201 a prime number?
True
Is 26669 a prime number?
True
Is 553561 a composite number?
False
Is 1449431 a composite number?
False
Is 25399 a composite number?
True
Is 14285 a prime number?
False
Is 75431 a prime number?
True
Is 43391 a composite number?
False
Is 60719 a prime number?
True
Is 66687 a composite number?
True
Is 121139 prime?
True
Is 223427 composite?
True
Is 13261 prime?
False
Is 178721 a prime number?
False
Is 14273 a prime number?
False
Is 17035 composite?
True
Is 70285 prime?
False
Is 251885 composite?
True
Is 19119 composite?
True
Is 2423 composite?
False
Is 27479 prime?
True
Is 1604923 composite?
False
Is 6007 a prime number?
True
Is 509711 composite?
True
Is 150239 a composite number?
False
Is 4577 composite?
True
Is 2165143 prime?
True
Is 31549 a composite number?
True
Is 5959 a composite number?
True
Is 1019237 composite?
False
Is 55655 a prime number?
False
Is 179147 a prime number?
False
Is 505921 composite?
True
Is 45391 a prime number?
False
Is 10579 prime?
False
Is 17777 a prime number?
False
Is 396029 a prime number?
True
Is 2119 a prime number?
False
Is 19841 prime?
True
Is 1386443 a composite number?
False
Is 487973 a composite number?
False
Is 9938 a composite number?
True
Is 673 a composite number?
False
Is 1409 a composite number?
False
Is 18371 prime?
True
Is 22405 prime?
False
Is 506661 composite?
True
Is 444373 composite?
True
Is 110077 a composite number?
True
Is 23269 prime?
True
Is 40757 composite?
True
Is 9533 a composite number?
False
Is 40343 composite?
False
Is 2139461 prime?
True
Is 24655 composite?
True
Is 134609 prime?
True
Is 14631 composite?
True
Is 1574 composite?
True
Is 8803 a prime number?
True
Is 967 composite?
False
Is 7613 a composite number?
True
Is 13117 prime?
False
Is 1471 a composite number?
False
Is 32927 a composite number?
True
Is 38113 a prime number?
True
Is 262427 prime?
False
Is 13523 a composite number?
False
Is 3761 a composite number?
False
Is 23159 a composite number?
False
Is 287103 prime?
False
Is 506551 a prime number?
True
Is 491969 a prime number?
True
Is 85133 a composite number?
False
Is 108179 composite?
False
Is 359057 composite?
True
Is 7981 composite?
True
Is 118093 a prime number?
True
Is 2885 composite?
True
Is 150595 a composite number?
True
Is 1361 prime?
True
Is 205 a prime number?
False
Is 14453 prime?
False
Is 837001 a prime number?
False
Is 98671 prime?
False
Is 7043 a composite number?
False
Is 3205 composite?
True
Is 2545 prime?
False
Is 20203 prime?
False
Is 275203 composite?
True
Is 393123 prime?
False
Is 2429 a composite number?
True
Is 517 composite?
True
Is 7241 prime?
False
Is 96043 a composite number?
False
Is 12767 a prime number?
False
Is 3989 composite?
False
Is 6823 a prime number?
True
Is 42899 a prime number?
True
Is 393167 composite?
True
Is 313661 a prime number?
True
Is 47041 a prime number?
True
Is 323283 a prime number?
False
Is 44827 a composite number?
True
Is 593161 a composite number?
True
Is 239329 a prime number?
True
Is 131993 composite?
True
Is 6001 composite?
True
Is 31237 a composite number?
False
Is 1059 composite?
True
Is 411703 composite?
False
Is 7393 composite?
False
Is 23369 prime?
True
Is 11665 prime?
False
Is 6071 composite?
True
Is 27533 prime?
False
Is 32633 a prime number?
True
Is 1759 a prime number?
True
Is 72203 a composite number?
True
Is 22009 a prime number?
False
Is 138911 composite?
True
Is 2901 a prime number?
False
Is 66523 composite?
False
Is 1120657 a composite number?
True
Is 57263 composite?
True
Is 90107 prime?
True
Is 11531 a prime number?
False
Is 205361 a composite number?
True
Is 19841 composite?
False
Is 44078 a prime number?
False
Is 90677 a composite number?
False
Is 790861 a prime number?
True
Is 527377 composite?
False
Is 43777 a composite number?
False
Is 7403 composite?
True
Is 2927 prime?
True
Is 379 composite?
False
Is 451 composite?
True
Is 20733 a composite number?
True
Is 323941 a prime number?
False
Is 803 a composite number?
True
Is 239999 composite?
False
Is 2119609 a composite number?
False
Is 53113 a prime number?
True
Is 19739 composite?
False
Is 8999 a composite number?
False
Is 13939 prime?
False
Is 72619 composite?
True
Is 3595 a prime number?
False
Is 29059 a prime number?
True
Is 157789 a prime number?
False
Is 112045 a prime number?
False
Is 43115 a composite number?
True
Is 164603 a composite number?
True
Is 104399 prime?
True
Is 53481 composite?
True
Is 2707 a prime number?
True
Is 479423 composite?
True
Is 105091 composite?
True
Is 2082731 prime?
False
Is 3803 a composite number?
False
Is 54097 a prime number?
False
Is 94709 prime?
True
Is 16294 a composite number?
True
Is 2530461 a prime number?
False
Is 357301 composite?
True
Is 3611 composite?
True
Is 536359 prime?
False
Is 1334449 a prime number?
False
Is 2528021 a composite number?
False
Is 1757 composite?
True
Is 23497 a prime number?
True
Is 51873 composite?
True
Is 2895686 composite?
True
Is 423265 composite?
True
Is 14117 a composite number?
True
Is 1781 composite?
True
Is 49339 composite?
False
Is 302161 a composite number?
True
Is 14047 prime?
False
Is 38903 prime?
True
Is 133573 a composite number?
True
Is 240659 a composite number?
False
Is 6641 composite?
True
Is 446221 composite?
False
Is 29629 a composite number?
False
Is 1134089 composite?
True
Is 396391 composite?
True
Is 48683 a prime number?
False
Is 124081 composite?
True
Is 249346 a composite number?
True
Is 51787 prime?
True
Is 109 composite?
False
Is 2167 a prime number?
False
Is 30335 prime?
False
Is 16621 a prime number?
False
Is 78491 prime?
False
Is 42727 prime?
True
Is 2297491 composite?
True
Is 2767 a prime number?
True
Is 23341 a prime number?
False
Is 375289 a prime number?
False
Is 72507 composite?
True
Is 24937 composite?
True
Is 19373 a prime number?
True
Is 67739 a composite number?
True
Is 138979 prime?
False
Is 144061 a prime number?
True
Is 102205 composite?
True
Is 49893 prime?
False
Is 127369 composite?
True
Is 31357 a composite number?
False
Is 568387 a prime number?
True
Is 745 prime?
False
Is 320533 a prime number?
True
Is 541 composite?
False
Is 97915 prime?
False
Is 33479 prime?
True
Is 35209 prime?
False
Is 14281 composite?
False
Is 442889 a composite number?
True
Is 14273 a composite number?
True
Is 1725767 a prime number?
True
Is 46549 a prime number?
True
Is 925511 composite?
True
Is 314771 a composite number?
False
Is 176261 a composite number?
False
Is 1651 a prime number?
False
Is 7273 a prime number?
False
Is 458789 composite?
False
Is 278543 a composite number?
False
Is 27791 a prime number?
True
Is 313763 a composite number?
False
Is 765409 a composite number?
False
Is 31499 composite?
True
Is 7981 composite?
True
Is 68707 a composite number?
True
Is 3403 prime?
False
Is 525763 a composite number?
True
Is 73001 composite?
True
Is 12763 prime?
True
Is 13646 prime?
False
Is 1923 composite?
True
Is 70985 prime?
False
Is 552785 composite?
True
Is 159589 composite?
False
Is 15917 prime?
False
Is 17287 a prime number?
False
Is 771281 prime?
False
Is 253601 prime?
True
Is 344791 a composite number?
False
Is 1213 prime?
True
Is 19531 a composite number?
False
Is 3898 prime?
False
Is 121763 composite?
False
Is 13859 prime?
True
Is 10837 composite?
False
Is 10279 a prime number?
False
Is 10781 a prime number?
True
Is 6067 prime?
True
Is 280907 a prime number?
False
Is 4727 a prime number?
False
Is 1969 a composite number?
True
Is 136943 a prime number?
True
Is 172415 a prime number?
False
Is 49363 a prime number?
True
Is 1399 a composite number?
False
Is 190126 a composite number?
True
Is 427007 prime?
False
Is 335 composite?
True
Is 77641 a prime number?
True
Is 40609 a composite number?
False
Is 11405 a composite number?
True
Is 8057 a prime number?
False
Is 1882 prime?
False
Is 13859 a prime number?
True
Is 506149 composite?
True
Is 77053 prime?
False
Is 213 a composite number?
True
Is 168509 composite?
True
Is 4727 prime?
False
Is 401371 a prime number?
True
Is 16999 a prime number?
False
Is 7039 a composite number?
False
Is 19077 prime?
False
Is 1071955 